{"id":139,"date":"2018-03-02T21:26:04","date_gmt":"2018-03-02T21:26:04","guid":{"rendered":"http:\/\/www.solucionesinformaticasintegrales.com\/isisoluciones\/sexolicosanonimos\/horizontal\/?page_id=139"},"modified":"2023-04-09T01:36:33","modified_gmt":"2023-04-08T20:36:33","slug":"12-tradiciones","status":"publish","type":"page","link":"https:\/\/www.sacolombia.com\/portal\/12-tradiciones\/","title":{"rendered":"12 TRADICIONES &#8211; SEX\u00d3LICOS AN\u00d3NIMOS"},"content":{"rendered":"<div class=\"wp-block-image\">\n<figure class=\"aligncenter size-full\"><img loading=\"lazy\" decoding=\"async\" width=\"604\" height=\"340\" src=\"https:\/\/www.sacolombia.com\/portal\/wp-content\/uploads\/2018\/03\/montaje18.png\" alt=\"\" class=\"wp-image-625\" srcset=\"https:\/\/www.sacolombia.com\/portal\/wp-content\/uploads\/2018\/03\/montaje18.png 604w, https:\/\/www.sacolombia.com\/portal\/wp-content\/uploads\/2018\/03\/montaje18-300x169.png 300w\" sizes=\"auto, (max-width: 604px) 100vw, 604px\" \/><\/figure>\n<\/div>\n\n\n<ol class=\"wp-block-list\">\n<li style=\"font-style:italic;font-weight:700\">Nuestro bienestar com\u00fan debe prevalecer frente a todo lo dem\u00e1s; la recuperaci\u00f3n personal depende de la unidad de SA.<\/li>\n\n\n\n<li style=\"font-style:italic;font-weight:700\">Para el prop\u00f3sito de nuestro grupo s\u00f3lo existe una autoridad suprema: un Dios bondadoso tal como se manifiesta en la conciencia de nuestro grupo. Nuestros l\u00edderes no son m\u00e1s que fieles servidores; no gobiernan.<\/li>\n\n\n\n<li style=\"font-style:italic;font-weight:700\">El \u00fanico requisito para ser miembro de SA es el deseo de liberarse de la lujuria y de alcanzar la sobriedad sexual.<\/li>\n\n\n\n<li style=\"font-style:italic;font-weight:700\">Cada grupo debe ser aut\u00f3nomo, excepto en asuntos que afecten a otros grupos o a SA en su conjunto.<\/li>\n\n\n\n<li style=\"font-style:italic;font-weight:700\">Cada grupo tiene un objetivo prioritario: transmitir su mensaje a los sex\u00f3licos que a\u00fan sufren.<\/li>\n\n\n\n<li style=\"font-style:italic;font-weight:700\">Un grupo de SA nunca debe respaldar, financiar o prestar el nombre de SA a ninguna entidad allegada o empresa ajena para evitar que problemas de dinero, propiedad y prestigio nos desv\u00eden de nuestro objetivo primordial.<\/li>\n\n\n\n<li style=\"font-style:italic;font-weight:700\">El sostenimiento econ\u00f3mico de cada grupo corre a cuenta del mismo. Nos negamos a recibir contribuciones exteriores.<\/li>\n\n\n\n<li style=\"font-style:italic;font-weight:700\">SA nunca tendr\u00e1 car\u00e1cter profesional, pero nuestros centros de servicios pueden contratar personal especializado.<\/li>\n\n\n\n<li style=\"font-style:italic;font-weight:700\">SA, como tal, nunca debe adoptar una estructura organizada; pero podemos crear juntas de servicios o comit\u00e9s directamente responsables ante aquellos que sirven.<\/li>\n\n\n\n<li style=\"font-style:italic;font-weight:700\">SA carece de opiniones sobre asuntos ajenos a sus actividades; por consiguiente su nombre nunca debe mezclarse en pol\u00e9micas p\u00fablicas.<\/li>\n\n\n\n<li style=\"font-style:italic;font-weight:700\">Nuestra pol\u00edtica de relaciones p\u00fablicas se basa en la atracci\u00f3n y no en la promoci\u00f3n; debemos mantener siempre el anonimato ante la prensa, la radio, el cine y la televisi\u00f3n.<\/li>\n\n\n\n<li style=\"font-style:italic;font-weight:700\">El anonimato es el fundamento espiritual de nuestras tradiciones y nos recuerda que debemos anteponer los principios a las personalidades<\/li>\n<\/ol>\n\n\n\n<hr class=\"wp-block-separator has-alpha-channel-opacity\"\/>\n\n\n\n<h3 class=\"wp-block-heading has-text-align-right has-cyan-bluish-gray-background-color has-background has-small-font-size\">The Twelve Steps and Traditions are adapted with permission of Alcoholics Anonymous World Services, Inc. (\u201cAAWS\u201d). Permission to adapt and reprint the Twelve Steps and Twelve Traditions does not mean that AAWS has approved the contents of this publication, nor that AAWS agrees with the views expressed herein. AA is a program of recovery from alcoholism only. Use of the Twelve Steps and Twelve Traditions in connection with programs which are patterned after AA, but which address other problems, or in any other non-AA context, does not imply otherwise.<br><strong> SA adaptation \u00a9 1982, 1984, 1989, 2001 SA Literature. Reprinted with permission of SA Literature.<\/strong><\/h3>\n","protected":false},"excerpt":{"rendered":"<p>The Twelve Steps and Traditions are adapted with permission of Alcoholics Anonymous World Services, Inc. (\u201cAAWS\u201d). Permission to adapt and reprint the Twelve Steps and Twelve Traditions does not mean that AAWS has approved the contents of this publication, nor that AAWS agrees with the views expressed herein. AA is a program of recovery from [&hellip;]<\/p>\n","protected":false},"author":4,"featured_media":0,"parent":0,"menu_order":12000,"comment_status":"closed","ping_status":"closed","template":"","meta":{"footnotes":""},"class_list":["post-139","page","type-page","status-publish","hentry"],"_links":{"self":[{"href":"https:\/\/www.sacolombia.com\/portal\/wp-json\/wp\/v2\/pages\/139","targetHints":{"allow":["GET"]}}],"collection":[{"href":"https:\/\/www.sacolombia.com\/portal\/wp-json\/wp\/v2\/pages"}],"about":[{"href":"https:\/\/www.sacolombia.com\/portal\/wp-json\/wp\/v2\/types\/page"}],"author":[{"embeddable":true,"href":"https:\/\/www.sacolombia.com\/portal\/wp-json\/wp\/v2\/users\/4"}],"replies":[{"embeddable":true,"href":"https:\/\/www.sacolombia.com\/portal\/wp-json\/wp\/v2\/comments?post=139"}],"version-history":[{"count":10,"href":"https:\/\/www.sacolombia.com\/portal\/wp-json\/wp\/v2\/pages\/139\/revisions"}],"predecessor-version":[{"id":1429,"href":"https:\/\/www.sacolombia.com\/portal\/wp-json\/wp\/v2\/pages\/139\/revisions\/1429"}],"wp:attachment":[{"href":"https:\/\/www.sacolombia.com\/portal\/wp-json\/wp\/v2\/media?parent=139"}],"curies":[{"name":"wp","href":"https:\/\/api.w.org\/{rel}","templated":true}]}}