{"id":159,"date":"2018-03-02T22:27:07","date_gmt":"2018-03-02T22:27:07","guid":{"rendered":"http:\/\/www.solucionesinformaticasintegrales.com\/isisoluciones\/sexolicosanonimos\/horizontal\/?page_id=159"},"modified":"2023-04-09T01:58:26","modified_gmt":"2023-04-08T20:58:26","slug":"que-le-sugiero-a-los-nuevos","status":"publish","type":"page","link":"https:\/\/www.sacolombia.com\/portal\/que-le-sugiero-a-los-nuevos\/","title":{"rendered":"Qu\u00e9 le sugerimos a los nuevos"},"content":{"rendered":"\n<h2 class=\"wp-block-heading has-text-align-center has-large-font-size\">Encomi\u00e9ndate todas las ma\u00f1anas a un Poder Superior y ponte en sus manos. Hazlo tambi\u00e9n durante el d\u00eda. Dale las gracias cada noche por las veinticuatro horas de sobriedad que te ha concedido.<\/h2>\n\n\n<div class=\"wp-block-image\">\n<figure class=\"aligncenter size-full\"><img loading=\"lazy\" decoding=\"async\" width=\"509\" height=\"340\" src=\"https:\/\/www.sacolombia.com\/portal\/wp-content\/uploads\/2018\/03\/montaje20.png\" alt=\"\" class=\"wp-image-635\" srcset=\"https:\/\/www.sacolombia.com\/portal\/wp-content\/uploads\/2018\/03\/montaje20.png 509w, https:\/\/www.sacolombia.com\/portal\/wp-content\/uploads\/2018\/03\/montaje20-300x200.png 300w\" sizes=\"auto, (max-width: 509px) 100vw, 509px\" \/><\/figure>\n<\/div>\n\n\n<h3 class=\"wp-block-heading\">Cada vez que tengas deseos de darte un trago visual o mental, en vez de regodearte en la imagen o ceder ante el impulso, p\u00eddele ayuda a ese Poder Superior. Cuanto antes, mejor. No dejes que la imagen se aloje en tu cerebro porque lo m\u00e1s probable es que ya sea demasiado tarde.<br>Si ese deseo\u2014tentaci\u00f3n\u2014no se va, llama a un miembro por tel\u00e9fono y cu\u00e9ntale qu\u00e9 te pasa. Te entender\u00e1 perfectamente, puesto que todos pasamos por lo mismo.<br>Identifica tus detonantes o disparadores y ev\u00edtalos. Recuerda que la lujuria es m\u00e1s fuerte que nosotros.<br>Haz de la sobriedad tu objetivo prioritario. Es lo m\u00e1s importante. *Si perdemos la sobriedad, perdemos todo; ya que sin sobriedad no podemos ser \u00fatiles a nuestra familia, amigos, compa\u00f1eros, etc.*<br>Frecuenta el trato con los miembros sobrios. Preg\u00fantales qu\u00e9 hacen. La sobriedad es la consecuencia de una actitud y de unas conductas determinadas.<br>Las reca\u00eddas no suceden por casualidad. Son consecuencia de un proceso previo. *Si recaes, examina qu\u00e9 herramientas del programa no est\u00e1s aplicando, qu\u00e9 principio del programa te resistes a incorporar a tu vida,* y piensa que quiz\u00e1 tus ideas no funcionan todo lo bien que cre\u00edas.<br>Acude regularmente a las reuniones. Cuantas m\u00e1s mejor.<br>C\u00e9ntrate en lo que tienes en com\u00fan con los dem\u00e1s y no en lo que te diferencia.<br>Busca reuniones que te ofrezcan lo que buscas: la sobriedad, la recuperaci\u00f3n emocional y el bienestar espiritual. Donde se practiquen los pasos y las tradiciones.<br>Vive en la soluci\u00f3n y no en el problema. Recuerda que has venido al programa a recuperarte.<br>P\u00eddele a un miembro que lleve cierto tiempo abstinente a nivel f\u00edsico y emocional que te apadrine. Ll\u00e1male a \u00e9l y a otros miembros por tel\u00e9fono a menudo. Cr\u00e9ate una red de llamadas telef\u00f3nicas.<br>Consigue los libros \u201cSex\u00f3licos An\u00f3nimos\u201d, \u201clos doce pasos y las doce tradiciones de AA\u201d y el libro \u201cAlcoh\u00f3licos An\u00f3nimos\u201d. L\u00e9ete el primer paso en los dos primeros y los tres primeros cap\u00edtulos del \u00faltimo.<\/h3>\n","protected":false},"excerpt":{"rendered":"<p>Encomi\u00e9ndate todas las ma\u00f1anas a un Poder Superior y ponte en sus manos. Hazlo tambi\u00e9n durante el d\u00eda. Dale las gracias cada noche por las veinticuatro horas de sobriedad que te ha concedido. Cada vez que tengas deseos de darte un trago visual o mental, en vez de regodearte en la imagen o ceder ante [&hellip;]<\/p>\n","protected":false},"author":4,"featured_media":0,"parent":0,"menu_order":12300,"comment_status":"closed","ping_status":"closed","template":"","meta":{"footnotes":""},"class_list":["post-159","page","type-page","status-publish","hentry"],"_links":{"self":[{"href":"https:\/\/www.sacolombia.com\/portal\/wp-json\/wp\/v2\/pages\/159","targetHints":{"allow":["GET"]}}],"collection":[{"href":"https:\/\/www.sacolombia.com\/portal\/wp-json\/wp\/v2\/pages"}],"about":[{"href":"https:\/\/www.sacolombia.com\/portal\/wp-json\/wp\/v2\/types\/page"}],"author":[{"embeddable":true,"href":"https:\/\/www.sacolombia.com\/portal\/wp-json\/wp\/v2\/users\/4"}],"replies":[{"embeddable":true,"href":"https:\/\/www.sacolombia.com\/portal\/wp-json\/wp\/v2\/comments?post=159"}],"version-history":[{"count":10,"href":"https:\/\/www.sacolombia.com\/portal\/wp-json\/wp\/v2\/pages\/159\/revisions"}],"predecessor-version":[{"id":1435,"href":"https:\/\/www.sacolombia.com\/portal\/wp-json\/wp\/v2\/pages\/159\/revisions\/1435"}],"wp:attachment":[{"href":"https:\/\/www.sacolombia.com\/portal\/wp-json\/wp\/v2\/media?parent=159"}],"curies":[{"name":"wp","href":"https:\/\/api.w.org\/{rel}","templated":true}]}}