{"id":22,"date":"2018-02-26T18:38:14","date_gmt":"2018-02-26T18:38:14","guid":{"rendered":"http:\/\/www.solucionesinformaticasintegrales.com\/isisoluciones\/sexolicosanonimos\/horizontal\/?page_id=22"},"modified":"2023-04-08T07:08:23","modified_gmt":"2023-04-08T02:08:23","slug":"analisis","status":"publish","type":"page","link":"https:\/\/www.sacolombia.com\/portal\/analisis\/","title":{"rendered":"\u00bfQu\u00e9 es SA?"},"content":{"rendered":"\n<h2 class=\"wp-block-heading\">El \u00fanico requisito para ser miembro es el deseo de renunciar a la lujuria y de alcanzar la sobriedad sexual. Para ser miembro de SA no se pagan honorarios ni cuotas; nos mantenemos con nuestras propias contribuciones.<br>SA no est\u00e1 vinculada a ninguna secta, denominaci\u00f3n religiosa, partido pol\u00edtico, organizaci\u00f3n o instituci\u00f3n alguna; no desea intervenir en controversias; no respalda ni se opone a ninguna causa.<\/h2>\n\n\n<div class=\"wp-block-image\">\n<figure class=\"alignright size-full\"><img loading=\"lazy\" decoding=\"async\" width=\"105\" height=\"150\" src=\"https:\/\/www.sacolombia.com\/portal\/wp-content\/uploads\/2018\/02\/sexolicos-anonimos-logo.png\" alt=\"\" class=\"wp-image-9\"\/><\/figure>\n<\/div>\n\n\n<h2 class=\"wp-block-heading\"><strong>Nuestro objetivo primordial es mantenernos sexualmente sobrios y ayudar a otros sex\u00f3licos a alcanzar la sobriedad sexual.*<\/strong><br><strong>Sex\u00f3licos An\u00f3nimos es un programa de recuperaci\u00f3n basado en los principios de Alcoh\u00f3licos An\u00f3nimos. En 1979 recibimos permiso de AA para utilizar los doce pasos y las doce tradiciones.<\/strong><br><strong><em>*Adaptado con permiso de The AA Grape-vine, Inc.<\/em><\/strong><\/h2>\n","protected":false},"excerpt":{"rendered":"<p>El \u00fanico requisito para ser miembro es el deseo de renunciar a la lujuria y de alcanzar la sobriedad sexual. Para ser miembro de SA no se pagan honorarios ni cuotas; nos mantenemos con nuestras propias contribuciones.SA no est\u00e1 vinculada a ninguna secta, denominaci\u00f3n religiosa, partido pol\u00edtico, organizaci\u00f3n o instituci\u00f3n alguna; no desea intervenir en [&hellip;]<\/p>\n","protected":false},"author":4,"featured_media":9,"parent":0,"menu_order":10100,"comment_status":"closed","ping_status":"closed","template":"","meta":{"footnotes":""},"class_list":["post-22","page","type-page","status-publish","has-post-thumbnail","hentry"],"_links":{"self":[{"href":"https:\/\/www.sacolombia.com\/portal\/wp-json\/wp\/v2\/pages\/22","targetHints":{"allow":["GET"]}}],"collection":[{"href":"https:\/\/www.sacolombia.com\/portal\/wp-json\/wp\/v2\/pages"}],"about":[{"href":"https:\/\/www.sacolombia.com\/portal\/wp-json\/wp\/v2\/types\/page"}],"author":[{"embeddable":true,"href":"https:\/\/www.sacolombia.com\/portal\/wp-json\/wp\/v2\/users\/4"}],"replies":[{"embeddable":true,"href":"https:\/\/www.sacolombia.com\/portal\/wp-json\/wp\/v2\/comments?post=22"}],"version-history":[{"count":10,"href":"https:\/\/www.sacolombia.com\/portal\/wp-json\/wp\/v2\/pages\/22\/revisions"}],"predecessor-version":[{"id":1376,"href":"https:\/\/www.sacolombia.com\/portal\/wp-json\/wp\/v2\/pages\/22\/revisions\/1376"}],"wp:featuredmedia":[{"embeddable":true,"href":"https:\/\/www.sacolombia.com\/portal\/wp-json\/wp\/v2\/media\/9"}],"wp:attachment":[{"href":"https:\/\/www.sacolombia.com\/portal\/wp-json\/wp\/v2\/media?parent=22"}],"curies":[{"name":"wp","href":"https:\/\/api.w.org\/{rel}","templated":true}]}}