{"id":418,"date":"2018-03-19T21:13:08","date_gmt":"2018-03-19T21:13:08","guid":{"rendered":"http:\/\/www.sacolombia.com\/portal\/?page_id=418"},"modified":"2023-04-09T03:04:29","modified_gmt":"2023-04-08T22:04:29","slug":"cual-es-la-solucion-para-nosotros","status":"publish","type":"page","link":"https:\/\/www.sacolombia.com\/portal\/cual-es-la-solucion-para-nosotros\/","title":{"rendered":"Cu\u00e1l es la Soluci\u00f3n para Nosotros"},"content":{"rendered":"\n<h3 class=\"wp-block-heading has-text-align-center has-large-font-size\">Son manifestaciones diferentes de un mismo problema, las responsables de que estemos aqu\u00ed. Algunos de nosotros respondemos a los estereotipos sociales de lo que es un sex\u00f3lico, pero otros no. Algunos nos ve\u00edamos impulsados a vender o a comprar sexo en las calles, otros a obtenerlo de forma an\u00f3nima en los bares y lugares p\u00fablicos.<\/h3>\n\n\n<div class=\"wp-block-image\">\n<figure class=\"aligncenter size-full\"><img loading=\"lazy\" decoding=\"async\" width=\"472\" height=\"336\" src=\"https:\/\/www.sacolombia.com\/portal\/wp-content\/uploads\/2018\/03\/montaje28.png\" alt=\"\" class=\"wp-image-675\" srcset=\"https:\/\/www.sacolombia.com\/portal\/wp-content\/uploads\/2018\/03\/montaje28.png 472w, https:\/\/www.sacolombia.com\/portal\/wp-content\/uploads\/2018\/03\/montaje28-300x214.png 300w\" sizes=\"auto, (max-width: 472px) 100vw, 472px\" \/><\/figure>\n<\/div>\n\n\n<h3 class=\"wp-block-heading\">Algunos particip\u00e1bamos en aventuras destructivas que nos hac\u00edan sufrir o nos consum\u00eda una obsesi\u00f3n enfermiza con una persona concreta o con varias sucesivamente. Muchos no exterioriz\u00e1bamos nuestras obsesiones, y recurr\u00edamos a la masturbaci\u00f3n compulsiva, a las im\u00e1genes, a los fetiches, al fisgoneo (voyeurismo) y al exhibicionismo.<\/h3>\n\n\n\n<h3 class=\"wp-block-heading\">Algunos maltrat\u00e1bamos a los dem\u00e1s. Y en el caso de muchos de nosotros, nuestras familias, compa\u00f1eros de trabajo y amigos sufr\u00edan las consecuencias de nuestras compulsiones. Cre\u00edamos que \u00e9ramos los \u00fanicos que no pod\u00edamos dejar de hacer lo que hac\u00edamos \u2014fuera lo que fuera\u2014 contra nuestra voluntad.<\/h3>\n\n\n\n<h3 class=\"wp-block-heading\">Al conocer SA descubrimos que a pesar de las diferencias que hubiera entre nosotros ten\u00edamos un problema com\u00fan \u2014la obsesi\u00f3n con la lujuria, normalmente combinada con una necesidad compulsiva de sexo en alguna de sus formas.<\/h3>\n\n\n\n<h3 class=\"wp-block-heading\">Vimos que, contemplados desde el interior, las actitudes y los sentimientos de todos nosotros eran semejantes.<\/h3>\n\n\n\n<h3 class=\"wp-block-heading\">Cualesquiera que fueran las caracter\u00edsticas de nuestro problema, est\u00e1bamos languideciendo espiritualmente \u2014la culpabilidad, el miedo y la soledad nos estaban matando.<\/h3>\n\n\n\n<h3 class=\"wp-block-heading\">A medida que descubr\u00edamos que ten\u00edamos un problema com\u00fan, descubr\u00edamos tambi\u00e9n una soluci\u00f3n com\u00fan: los doce pasos de la recuperaci\u00f3n que practicamos en nuestra fraternidad y cuyo fundamento es lo que llamamos&nbsp;sobriedad sexual.&nbsp;(Libro Blanco p\u00e1g. 1)<\/h3>\n","protected":false},"excerpt":{"rendered":"<p>Son manifestaciones diferentes de un mismo problema, las responsables de que estemos aqu\u00ed. Algunos de nosotros respondemos a los estereotipos sociales de lo que es un sex\u00f3lico, pero otros no. Algunos nos ve\u00edamos impulsados a vender o a comprar sexo en las calles, otros a obtenerlo de forma an\u00f3nima en los bares y lugares p\u00fablicos. [&hellip;]<\/p>\n","protected":false},"author":4,"featured_media":0,"parent":0,"menu_order":17100,"comment_status":"closed","ping_status":"closed","template":"","meta":{"footnotes":""},"class_list":["post-418","page","type-page","status-publish","hentry"],"_links":{"self":[{"href":"https:\/\/www.sacolombia.com\/portal\/wp-json\/wp\/v2\/pages\/418","targetHints":{"allow":["GET"]}}],"collection":[{"href":"https:\/\/www.sacolombia.com\/portal\/wp-json\/wp\/v2\/pages"}],"about":[{"href":"https:\/\/www.sacolombia.com\/portal\/wp-json\/wp\/v2\/types\/page"}],"author":[{"embeddable":true,"href":"https:\/\/www.sacolombia.com\/portal\/wp-json\/wp\/v2\/users\/4"}],"replies":[{"embeddable":true,"href":"https:\/\/www.sacolombia.com\/portal\/wp-json\/wp\/v2\/comments?post=418"}],"version-history":[{"count":6,"href":"https:\/\/www.sacolombia.com\/portal\/wp-json\/wp\/v2\/pages\/418\/revisions"}],"predecessor-version":[{"id":1451,"href":"https:\/\/www.sacolombia.com\/portal\/wp-json\/wp\/v2\/pages\/418\/revisions\/1451"}],"wp:attachment":[{"href":"https:\/\/www.sacolombia.com\/portal\/wp-json\/wp\/v2\/media?parent=418"}],"curies":[{"name":"wp","href":"https:\/\/api.w.org\/{rel}","templated":true}]}}